-50)?
9
Let a be (-3*10/(-25))/(2/5). Suppose -3*d + a*y = -y - 234, 2*y - 156 = -2*d. What is the tens digit of d?
7
Let d(g) = 173*g - 739. What is the hundreds digit of d(26)?
7
Let x = -11 - -13. What is the units digit of (-14)/(-4)*4/x*1?
7
Let y = 1119 - 610. What is the tens digit of y?
0
Let o = -10 - -16. Let m(s) = s - 4*s + 6*s + 2*s + 13. What is the tens digit of m(o)?
4
Let v = 6 + 4. Let y be (-4)/(-5)*v/4. Suppose -3*o - 2*o + 131 = 4*t, -y*t + 123 = 5*o. What is the tens digit of o?
2
Suppose -i - 2*i = -12. Let v(y) = y**3 - 5*y**2 + 9. Let l be v(5). Suppose i*b = -l + 29. What is the units digit of b?
5
Suppose -8*h + 19 = -5. Suppose w - 8 = -h*t, 4*t - 3*w = -t + 32. Suppose -39 = -t*q + 61. What is the tens digit of q?
2
Suppose -6 = -3*o - 0*o. Suppose -5*v + 10 = 5*q, 0 = o*q + 4*v + 2 - 6. Suppose 35 = q*b - 6*d + 3*d, -3*d = -15. What is the units digit of b?
5
Let n(u) = 5*u + 6. Let o be n(14). Suppose i = o + 43. What is the tens digit of i?
1
Let q(r) be the first derivative of -11*r**2/2 + 12*r + 22. What is the tens digit of q(-10)?
2
Let u(l) = -l**3 - 8*l**2 + 16*l + 13. Let b = -23 + 12. What is the hundreds digit of u(b)?
2
Suppose 3*x + 4*x - 210 = 0. Suppose -27*o - 72 = -x*o. What is the units digit of o?
4
What is the thousands digit of ((-8480)/(-1325))/((-2)/860*-2)?
1
What is the units digit of (-2492)/(-10) + (-26)/130?
9
Suppose -51*n = -44*n - 2758. What is the tens digit of n?
9
Let j(d) = d**3 + 8*d**2 + d + 10. Let i(o) = 9*o + 1. Let c be i(-1). What is the units digit of j(c)?
2
Let i(x) = -x**2 - 6*x + 62. What is the tens digit of i(-9)?
3
Let w(p) = -p**2 + 14*p + 12. Let l be w(13). Suppose -l + 475 = 6*f. What is the tens digit of f?
7
Suppose 4*w - 376 = 4*i, 5*i - 213 = -2*w + 2*i. Suppose 3*r = -0*r - w. Let v = r - -64. What is the tens digit of v?
3
Let l be ((-9)/(-6))/(18/1320). Suppose -4*p - 65 = -6*p - 5*y, -3*p + l = -5*y. What is the tens digit of p?
3
What is the units digit of (-1)/(3/(-198)) + -9 + 7?
4
Let x = 1668 - 1106. What is the hundreds digit of x?
5
Let s = 3 - -45. What is the units digit of (11 + 1)*780/s?
5
Suppose -12*i + 108 = -3*i. Let w = i - -99. What is the tens digit of w?
1
Suppose -6*u - 8 = -26. Suppose -u*t = -190 - 443. What is the hundreds digit of t?
2
Suppose 5*y = -5*d + 525, -4*d + y - 215 = -6*d. What is the units digit of d?
0
Suppose 3*b = -b. Suppose -17*r = 132 - 710. What is the tens digit of 2 + 1 - (b - r)?
3
Let d = -9 - -13. Suppose -k + 5*f = -95, 2*f - 391 = -d*k - 121. What is the tens digit of k?
7
Let d be 70/(-42) + (-2)/(-3). Let f be (67 + -2)*(d - -5). Suppose -5*i = -4*b + 172, 5*b + 6*i - f = i. What is the units digit of b?
8
What is the units digit of 27/6*(4 + 18)?
9
Suppose 7*c + 1 - 15 = 0. Suppose -88 = -4*m + 7*n - 3*n, -c*n + 2 = 0. What is the tens digit of m?
2
Suppose 0 = -4*n - 2*y + 264, 0 = 3*n + 2*y - 7*y - 172. Let f be (-5)/85 - (-5784)/68. Suppose n - 5 = 3*h + 4*s, 5*h = -4*s + f. What is the units digit of h?
3
Suppose 4*x = 0, 0 = -5*w - 5*x - 170 + 1510. What is the tens digit of w?
6
Suppose -8 = -2*o, -u + 2*o + 16 = 5*o. Suppose -u*v = 7*v - 1683. What is the tens digit of v?
5
Let s = -131 - -235. Let l be 1/3 + s/39. Suppose 5*z + 1 + 24 = 0, 0 = -l*w + z + 170. What is the units digit of w?
5
What is the tens digit of 8*(-1 + (6 - -56))?
8
Let r(k) = 0*k**2 + k**3 - 3*k + 29*k**2 + 26 - 4. What is the hundreds digit of r(-29)?
1
Let r(o) be the third derivative of o**4/12 - 2*o**3/3 + 8*o**2. Let h be (-7)/3*(6 + -9). What is the units digit of r(h)?
0
What is the units digit of (-1)/((-2)/1738) - 1?
8
Suppose 3*c = 319 + 122. Suppose 2*t - 2*l - 298 = 0, -c = -t + l - 2*l. What is the tens digit of t?
4
Suppose 0*d - 31*d = -33263. What is the thousands digit of d?
1
Let a be 42 - (-10)/(-2)*-1. Suppose a = 7*i - 772. What is the units digit of i?
7
Let d be -1 - (2946/(-10) - (-2)/(-5)). Suppose -5*x + d = -2*f, 4*x - f = 4*f + 225. What is the tens digit of x?
6
Suppose 2*w = 4*w - 4. Suppose -2 = 3*n - w*n. What is the tens digit of (-6 + n)*13/(-4)?
2
Let a(i) = i**3 - 20*i**2 + 21*i - 62. What is the units digit of a(24)?
6
Suppose n + 464 = -7*n. Let s = 70 - n. What is the tens digit of s?
2
Let l(d) = -d - 27. Let q be l(-15). What is the tens digit of ((-2)/(-10)*24)/(q/(-90))?
3
Let k(f) = f**3 - 2*f**2 + 2*f - 5. Let m = -16 - -20. Let d be k(m). Let q = d - 18. What is the tens digit of q?
1
Let p be (3 - (-3 + 0)) + 0. Suppose 5*x = -3*z + p, 3*z + 0*x - 36 = 5*x. What is the units digit of z?
7
Let w(g) = -6*g**2 + 3*g + 2. Let z be w(-2). Let j = 94 + z. What is the units digit of j?
6
Suppose 0 = -k - 3*o + 82, 15 = -7*o + 4*o. What is the tens digit of k?
9
Let a(j) be the third derivative of j**5/60 - j**4/6 + 4*j**3/3 - 7*j**2. What is the tens digit of a(5)?
1
Let q(g) = 1821*g - 766. What is the tens digit of q(4)?
1
Let d = -480 - -505. What is the units digit of d?
5
Suppose 11 = 2*s - 3. Suppose -343 = -s*d + 182. What is the units digit of d?
5
Let s(m) = 117*m**2 - 5*m - 6. Let l be s(3). Suppose 8*z - l = 16. What is the tens digit of z?
3
What is the units digit of 2/(-12) - (-3)/(180/92230)?
7
Let n(v) be the second derivative of 0 + 3*v - 1/2*v**2 - 1/6*v**3. What is the units digit of n(-7)?
6
Let l = 7 + -5. Suppose -3*h = -l - 4. Let a(p) = 11*p**2 + 3*p - 1. What is the units digit of a(h)?
9
Let t(w) = -w**3 + 9*w**2 + 4*w + 6. Suppose 0 = v - 5*n - 18, 0 = -v - v + 5*n + 26. Let r be t(v). What is the tens digit of (0 + 1)/(6/r)?
1
Suppose 0*b = 2*b - 16. Suppose g - 17 = b. Suppose y = 66 - g. What is the units digit of y?
1
Let f(h) be the first derivative of -7*h**3/3 + h**2/2 + 7. Let u be f(-2). What is the tens digit of ((-9)/(-6))/((-3)/u)?
1
Suppose 618 = -4*m + 5*m + 3*z, -2*m + 1236 = 5*z. Suppose 5*c - 5*a = 50, 4*c + 6 - 21 = -a. What is the tens digit of (-3)/c - m/(-30)?
2
Suppose -v + 49 = 2*q, -24 = 2*v + 2*q - 114. What is the units digit of v?
1
Let u(o) = -236*o + 177. What is the hundreds digit of u(-5)?
3
Suppose -558*z - 1644 = -562*z. What is the units digit of z?
1
Let j = 785 + 153. Suppose -6*d + j - 338 = 0. What is the units digit of d?
0
Let x be (1 - 4)/(6/(-86)). Let m = 81 - x. What is the tens digit of m?
3
Suppose -2*u - 3*u - i = -2111, -427 = -u - 5*i. What is the tens digit of 4/(-24) + u/12?
3
Let h = -69 - -117. Suppose -4*c - h = -3*o - 188, 0 = -c + 4*o + 35. Let s = c - 21. What is the units digit of s?
4
Suppose 5*o - 4*o - 4 = 0. Let c be (-2)/(8/3)*o. What is the tens digit of 1*-21*(c + 2)?
2
Let f = -2 - -21. Let s = f - 15. Suppose 0 = -s*y + 11 + 5. What is the units digit of y?
4
Let m(s) = 4*s**2 + 3*s - 4. Let j = 22 + -10. Let p be j/2*1/(-2). What is the tens digit of m(p)?
2
Suppose 0 = -3*c + 4*c - 5. Let i(k) = -2*k**2 + 12*k - 4. Let p be i(c). What is the tens digit of p/4*180/5?
5
Suppose m - 5*v - 214 = 0, -2*m + 2*v + v + 400 = 0. Suppose 4*x - 2*i = 134, 2*i - m = -5*x - 31. Suppose j - 4*j + x = 0. What is the tens digit of j?
1
Suppose 3 = -j + 2*j. Let z = -2 - -10. Suppose -z = j*w - 4*w. What is the units digit of w?
8
Let y(o) = 264*o - 243. What is the hundreds digit of y(7)?
6
Let s(z) = 8*z**2 + 3*z - 38. What is the tens digit of s(10)?
9
Let c(t) = -4*t + 20*t**2 + 0*t - 2 + 8*t - t. Let k be c(2). Suppose -2*s = -2*b - k, b - 78 = -2*s - 0*b. What is the tens digit of s?
4
Let j be (-3 - 1) + 5 - -105. Let t = j - 66. Suppose -t = -7*p + 219. What is the tens digit of p?
3
Let b(c) = -c**3 + 5*c**2 + 2*c - 5. Let s be b(5). Suppose 2*o - 30 = -3*o - s*d, d = o + 2. Suppose o*h - 48 + 6 = 0. What is the units digit of h?
1
Let z be ((-3)/2)/(3/10). What is the units digit of -1*2 - (z + -4)?
7
Let g be 20/(-1 + 8/4). Suppose 0 = 4*a - 5*u + 25, -2*a + u + g = 5*u. Suppose 5*k - 15 = 0, -4*m - 4*k + 134 + 2 = a. What is the tens digit of m?
3
Suppose -2*w - 2*m - 1 = 9, -10 = 2*m. Let t(o) = o**2 - o + 24. What is the units digit of t(w)?
4
Suppose 4*c - 2*n - 1048 = 0, -2*c + 805 - 297 = -5*n. Suppose 541 + c = 5*s. What is the tens digit of s?
6
Let x(y) = y**2 + 10*y - 4. Let f be x(-10). Let c = -4 - f. Suppose c*z + 3*z = 51. What is the tens digit of z?
1
What is the units dig